51?
False
Is 6 a factor of 618?
True
Is 76 a multiple of 21?
False
Is 77 a factor of 5144?
False
Is 3738 a multiple of 14?
True
Does 24 divide 45168?
True
Is 62 a factor of 12276?
True
Does 15 divide 380?
False
Does 201 divide 4824?
True
Is 408 a multiple of 68?
True
Does 77 divide 4774?
True
Does 14 divide 556?
False
Does 6 divide 53244?
True
Does 5 divide 333?
False
Is 15 a factor of 1170?
True
Is 2676 a multiple of 6?
True
Does 12 divide 34492?
False
Is 70 a multiple of 2?
True
Is 13 a factor of 134?
False
Is 30258 a multiple of 139?
False
Is 42640 a multiple of 13?
True
Does 32 divide 9344?
True
Does 4 divide 11520?
True
Is 105 a factor of 11097?
False
Does 84 divide 807?
False
Is 5 a factor of 179?
False
Is 8 a factor of 9440?
True
Is 239 a factor of 57360?
True
Is 13 a factor of 624?
True
Is 17 a factor of 3575?
False
Does 114 divide 1710?
True
Is 348 a multiple of 10?
False
Is 194 a factor of 36724?
False
Does 10 divide 12634?
False
Is 61 a factor of 1525?
True
Does 31 divide 12028?
True
Is 21 a factor of 655?
False
Does 4 divide 2979?
False
Does 11 divide 302?
False
Is 23400 a multiple of 8?
True
Does 9 divide 5841?
True
Does 59 divide 2364?
False
Is 41515 a multiple of 35?
False
Is 245 a factor of 37316?
False
Is 2730 a multiple of 35?
True
Does 197 divide 4548?
False
Does 191 divide 1719?
True
Is 26943 a multiple of 7?
True
Is 49056 a multiple of 73?
True
Does 15 divide 420?
True
Is 2166 a multiple of 6?
True
Is 2376 a multiple of 18?
True
Is 106 a factor of 18721?
False
Is 18 a factor of 3170?
False
Is 40872 a multiple of 39?
True
Does 210 divide 120750?
True
Is 30 a factor of 19976?
False
Is 17 a factor of 9078?
True
Does 4 divide 4882?
False
Is 7 a factor of 3486?
True
Is 6264 a multiple of 29?
True
Is 81 a factor of 2835?
True
Is 7 a factor of 11793?
False
Is 33 a factor of 1089?
True
Is 37 a factor of 148012?
False
Does 10 divide 50?
True
Does 6 divide 704?
False
Does 9 divide 2139?
False
Does 21 divide 7702?
False
Does 40 divide 5640?
True
Does 5 divide 31?
False
Does 57 divide 806?
False
Is 15 a factor of 495?
True
Is 14718 a multiple of 33?
True
Is 36 a factor of 8712?
True
Is 6 a factor of 2172?
True
Is 14 a factor of 613?
False
Is 10 a factor of 13740?
True
Does 2 divide 11?
False
Is 1792 a multiple of 7?
True
Does 22 divide 88?
True
Does 9 divide 695?
False
Is 45456 a multiple of 16?
True
Does 426 divide 65299?
False
Is 9969 a multiple of 23?
False
Does 49 divide 15403?
False
Is 28 a factor of 47654?
False
Does 160 divide 11040?
True
Is 98 a factor of 7154?
True
Does 26 divide 8320?
True
Is 1235 a multiple of 30?
False
Does 12 divide 9575?
False
Does 7 divide 3246?
False
Does 188 divide 7896?
True
Does 22 divide 638?
True
Is 10 a factor of 6210?
True
Does 19 divide 350?
False
Does 28 divide 4962?
False
Is 16903 a multiple of 20?
False
Is 19 a factor of 21565?
True
Is 13 a factor of 2704?
True
Is 922 a multiple of 10?
False
Is 2188 a multiple of 4?
True
Is 480 a multiple of 24?
True
Does 3 divide 2136?
True
Is 16 a factor of 1371?
False
Is 1555 a multiple of 78?
False
Is 949 a multiple of 26?
False
Is 142 a multiple of 15?
False
Is 1144 a multiple of 26?
True
Does 6 divide 1434?
True
Does 10 divide 4185?
False
Is 27 a factor of 2969?
False
Is 49 a factor of 2401?
True
Does 65 divide 163?
False
Does 14 divide 2052?
False
Is 23 a factor of 90?
False
Does 13 divide 26091?
True
Is 71 a multiple of 9?
False
Does 48 divide 15840?
True
Is 4484 a multiple of 38?
True
Does 49 divide 2597?
True
Is 1235 a multiple of 19?
True
Is 2 a factor of 43?
False
Is 2886 a multiple of 6?
True
Is 24 a factor of 1066?
False
Is 112 a factor of 13888?
True
Is 8 a factor of 9756?
False
Does 67 divide 27202?
True
Does 2 divide 4241?
False
Does 14 divide 322?
True
Is 21 a factor of 1274?
False
Is 2920 a multiple of 6?
False
Is 27 a factor of 733?
False
Does 77 divide 6138?
False
Does 24 divide 740?
False
Does 26 divide 58044?
False
Is 11 a factor of 12694?
True
Is 18 a factor of 11088?
True
Is 53 a factor of 10721?
False
Is 16650 a multiple of 111?
True
Is 44 a multiple of 7?
False
Is 7872 a multiple of 48?
True
Is 75 a factor of 22541?
False
Is 6 a factor of 1785?
False
Does 7 divide 575?
False
Is 63 a factor of 8850?
False
Is 2990 a multiple of 26?
True
Is 12254 a multiple of 112?
False
Does 10 divide 7860?
True
Is 554 a multiple of 14?
False
Is 507 a multiple of 26?
False
Is 18 a factor of 4482?
True
Does 127 divide 28815?
False
Does 28 divide 10612?
True
Is 42 a factor of 840?
True
Is 3600 a multiple of 75?
True
Does 28 divide 1596?
True
Does 62 divide 7569?
False
Does 7 divide 89?
False
Does 12 divide 540?
True
Is 50 a factor of 300?
True
Is 6 a factor of 228?
True
Is 6 a factor of 4669?
False
Does 60 divide 808?
False
Is 15 a factor of 47717?
False
Is 240 a multiple of 15?
True
Does 26 divide 610?
False
Is 70 a factor of 8470?
True
Does 94 divide 26226?
True
Is 3380 a multiple of 13?
True
Is 1836 a multiple of 12?
True
Does 71 divide 2351?
False
Is 74 a factor of 1184?
True
Is 35 a factor of 6510?
True
Is 416 a multiple of 32?
True
Does 10 divide 46981?
False
Does 6 divide 76536?
True
Is 389 a multiple of 3?
False
Is 1705 a multiple of 3?
False
Does 3 divide 11720?
False
Does 19 divide 9926?
False
Is 276 a factor of 34322?
False
Is 392 a multiple of 9?
False
Is 8258 a multiple of 10?
False
Does 78 divide 3510?
True
Is 19405 a multiple of 9?
False
Is 12 a factor of 3193?
False
Does 11 divide 363?
True
Is 6480 a multiple of 60?
True
Is 150 a factor of 92131?
False
Is 8 a factor of 213?
False
Does 130 divide 25740?
True
Is 8 a factor of 4491?
False
Is 13 a factor of 7712?
False
Is 13 a factor of 6106?
False
Is 11840 a multiple of 148?
True
Is 818 a multiple of 21?
False
Does 14 divide 252?
True
Does 68 divide 2652?
True
Is 334 a factor of 83941?
False
Is 794 a multiple of 31?
False
Does 45 divide 1012?
False
Is 74 a factor of 1271?
False
Does 25 divide 250?
True
Is 42975 a multiple of 225?
True
Does 80 divide 2800?
True
Does 28 divide 6720?
True
Does 49 divide 7938?
True
Is 711 a multiple of 79?
True
Does 35 divide 9975?
True
Does 12 divide 5726?
False
Does 13 divide 195?
True
Is 32130 a multiple of 85?
True
Is 30 a factor of 35430?
True
Is 5240 a multiple of 56?
False
Is 215 a multiple of 5?
True
Is 5607 a multiple of 116?
False
Is 34086 a multiple of 19?
True
Is 11 a factor of 693?
True
Is 980 a multiple of 5?
True
Is 9 a factor of 1620?
True
Does 27 divide 2079?
True
Does 84 divide 7392?
True
Does 13 divide 779?
False
Is 14 a factor of 6478?
False
Does 34 divide 204?
True
Does 3 divide 21?
True
Is 510 a multiple of 10?
True
Is 48 a factor of 672?
True
Is 4802 a multiple of 21?
False
Is 384 a multiple of 32?
True
Is 3680 a multiple of 16?
True
Is 5140 a multiple of 20?
True
Is 8 a factor of 221?
False
Is 22 a factor of 12276?
True
Is 3 a factor of 32791?
False
Does 13 divide 15925?
True
Is 58630 a multiple of 10?
True
Is 55 a factor of 19515?
False
Does 3 divide 8247?
True
Is 1005 a multiple of 67?
True
Does 79 divide 1457?
False
Does 34 divide 765?
False
Is 32284 a multiple of 7?
True
Is 132 a multiple of 4?
True
Is 1722 a multiple of 15?
False
Does 20 divide 8053?
False
Is 44 a factor of 19052?
True
Is 131 a factor of 24554?
False
Does 30 divide 908?
False
Does 3 divide 3781?
False
Is 663 a multiple of 17?
True
Is 740 a multiple of 20?
True
Does 10 divide 17707?
False
Does 102 divide 708?
False
Does 249 divide 1289?
False
Is 48 a factor of 15751?
False
Is 5460 a multiple of 10?
True
Does 5 divide 1035?
True
Is 65 a factor of 50310?
True
Is 11 a factor of 1234?
False
Is 13988 a multiple of 32?
False
Does 10 divide 508?
False
Is 6 a factor of 185?
False
Is 1092 a multiple of 28?
True
Is 540 a multiple of 9?
True
Is 185 a factor of 1386?
False
Is 66 a multiple of 5?
False
Is 15 a factor of 2572?
False
Is 27792 a multiple of 12?
True
Is 25095 a multiple of 7?
True
Is 18 a factor of 4145?
False
Is 172 a factor of 113712?
False
Is 172 a multiple of 5?
False
Is 272 a multiple of 2?
True
Is 18 a factor of 126?
True
Is 458 a multiple of 5?
False
Is 14 a factor of 812?
True
Is 29184 a multiple of 152?
True
Is 18 a factor of 2412?
True
Does 21 divide 2814?
True
Does 224 divide 57120?
True
Does 31 divide 36105?
False
Does 4 divide 302?
False
Is 19184 a